{"id":23,"date":"2020-03-18T09:10:17","date_gmt":"2020-03-18T09:10:17","guid":{"rendered":"https:\/\/wisa-heizung.de\/?page_id=23"},"modified":"2022-08-08T16:55:11","modified_gmt":"2022-08-08T14:55:11","slug":"startseite","status":"publish","type":"page","link":"https:\/\/wisa-heizung.de\/","title":{"rendered":"Startseite"},"content":{"rendered":"\n<p><\/p>\n\n\n\n<p>&#8211; Sie m\u00fcssen den Estrich trocknen?<br>&#8211; F\u00e4llt die Heizung im Winter aus?<br>&#8211; Ist der Heizungstausch noch im vollem Gange oder geht es darum, einen Rohbau vor der Fertigstellung zu beheizen?<br><br><br>In all diesen F\u00e4llen k\u00f6nnen Hausbesitzer, Anlagenbetreiber, \u00a0Bauunternehmer, Bauherren und viele andere auf uns setzen! \u00a0 Wir stellen Ihnen mobile Heizzentralen f\u00fcr die \u00dcbergangsl\u00f6sung zur Verf\u00fcgung und installieren diese Fachgerecht. Vom kleinen Einfamilienhaus bis hin zu Schulgeb\u00e4uden oder Gewerbliche Hallen, wir sorgen f\u00fcr zuverl\u00e4ssige W\u00e4rme, Immer &amp; \u00dcberall.<\/p>\n","protected":false},"excerpt":{"rendered":"<p>&#8211; Sie m\u00fcssen den Estrich trocknen?&#8211; F\u00e4llt die Heizung im Winter aus?&#8211; Ist der Heizungstausch noch im vollem Gange oder geht es darum, einen Rohbau vor der Fertigstellung zu beheizen? In all diesen F\u00e4llen k\u00f6nnen Hausbesitzer, Anlagenbetreiber, \u00a0Bauunternehmer, Bauherren und viele andere auf uns setzen! \u00a0 Wir stellen Ihnen mobile Heizzentralen f\u00fcr die \u00dcbergangsl\u00f6sung zur &hellip; <\/p>\n<p class=\"link-more\"><a href=\"https:\/\/wisa-heizung.de\/\" class=\"more-link\"><span class=\"screen-reader-text\">\u201eStartseite\u201c<\/span> weiterlesen<\/a><\/p>\n","protected":false},"author":1,"featured_media":54,"parent":0,"menu_order":0,"comment_status":"closed","ping_status":"closed","template":"","meta":{"footnotes":""},"class_list":["post-23","page","type-page","status-publish","has-post-thumbnail","hentry"],"_links":{"self":[{"href":"https:\/\/wisa-heizung.de\/index.php?rest_route=\/wp\/v2\/pages\/23","targetHints":{"allow":["GET"]}}],"collection":[{"href":"https:\/\/wisa-heizung.de\/index.php?rest_route=\/wp\/v2\/pages"}],"about":[{"href":"https:\/\/wisa-heizung.de\/index.php?rest_route=\/wp\/v2\/types\/page"}],"author":[{"embeddable":true,"href":"https:\/\/wisa-heizung.de\/index.php?rest_route=\/wp\/v2\/users\/1"}],"replies":[{"embeddable":true,"href":"https:\/\/wisa-heizung.de\/index.php?rest_route=%2Fwp%2Fv2%2Fcomments&post=23"}],"version-history":[{"count":6,"href":"https:\/\/wisa-heizung.de\/index.php?rest_route=\/wp\/v2\/pages\/23\/revisions"}],"predecessor-version":[{"id":131,"href":"https:\/\/wisa-heizung.de\/index.php?rest_route=\/wp\/v2\/pages\/23\/revisions\/131"}],"wp:featuredmedia":[{"embeddable":true,"href":"https:\/\/wisa-heizung.de\/index.php?rest_route=\/wp\/v2\/media\/54"}],"wp:attachment":[{"href":"https:\/\/wisa-heizung.de\/index.php?rest_route=%2Fwp%2Fv2%2Fmedia&parent=23"}],"curies":[{"name":"wp","href":"https:\/\/api.w.org\/{rel}","templated":true}]}}